be 46/(-69)*((-22)/4 - -1). Let c be (-3)/(-2)*(-1 + g). Let x be (-25)/9 + c + 11/(-9). Determine l(x).
-2
Let r(h) = 167 - 8*h - 138 + 9*h. Suppose -5*m + 48 = -5*s - 42, m + 21 = -2*s. Give r(s).
16
Let w = 1099 - 1103. Let p(k) = -k - 1. Let c be p(-3). Let i(l) = -2*l + 4*l + c*l**2 - l**2. Determine i(w).
8
Let x(g) = g**3 - 21*g**2 - 24*g + 28. Let o(h) = h**3 + 30*h**2 + 24*h - 123. Let t be o(-29). Calculate x(t).
-16
Let u be ((-3825)/10)/(-17)*16/10. Suppose -2*b = -2*r + 6, 5*b - r = -3*r - u. Let t(g) = g - g**3 + 2 - 5*g**2 - 6 + 6*g. Give t(b).
-10
Suppose 13*d - 207 = 222. Suppose -17*g = d + 52. Let i(u) = u**3 + 5*u**2 - 4*u - 16. Give i(g).
4
Let h(b) be the second derivative of -b**7/1260 - b**6/90 + b**5/20 + b**4/2 + 3*b**3/2 - 83*b. Let i(d) be the third derivative of h(d). Determine i(-6).
-18
Suppose -3*j - 3 = 5*t, -1 = 2*j + 11. Let f(d) = d**2 - 11*d + 22. Give f(t).
-2
Let t be (69/276)/((-2)/(-40)). Let n(h) be the second derivative of 1/20*h**t + h**3 - 14*h - 5/12*h**4 - 3*h**2 + 0. Calculate n(4).
2
Suppose -2*o + 0*o = -2. Let n = -5 + 7. Let f(y) = 15*y**2 - 6 + 8 - 1 + 5*y**n. What is f(o)?
21
Let a(i) = -i + 6 - 2*i - 11 + 2. Let o be (-9 + 3 - -3) + 3 + 70. Let n = -73 + o. What is a(n)?
6
Suppose -4*t = 15 - 11, 5*g - t - 31 = 0. Let l(k) = -k**2 + 11*k. Give l(g).
30
Let q = 158 - 161. Let h(g) = 12*g + 8. Let f(p) = 6*p + 5. Let t(w) = q*h(w) + 5*f(w). Calculate t(-6).
37
Let a be ((-19)/(-5) - 3) + (-39)/5. Let p(y) = -19*y + 22*y + y**2 + 5*y + 1. What is p(a)?
-6
Let q = -608 + 685. Let u(g) = 26 - q - 2*g + 20 - g + 20. What is u(-6)?
7
Let j = -3 + 5. Suppose -j*v + 10*v = 16. Let p(i) = 2*i**3 + 1 - 5 + 1 + 4*i - 2*i**2. Calculate p(v).
13
Let i(v) = 2*v + 1. Let g(s) = -2*s**2 + s**2 + 6*s - 44 + 41. Let b be g(4). What is i(b)?
11
Let a(b) = -b**3 + 8*b**2 - 4*b - 6. Let o = -3316 + 3321. What is a(o)?
49
Let o = -45 + 96. Let a be ((-13)/(-13))/((1 - -2)/6). Let r(w) = -106*w**2 - 5*w + 57*w**a + o*w**2. Give r(4).
12
Let n(t) be the second derivative of -1/3*t**3 - 1/24*t**4 + 0 + 19*t + 11*t**2. Let i(h) be the first derivative of n(h). Determine i(-3).
1
Suppose 2*s + 0*s - 6 = 0. Suppose -19 = s*h + 5. Let p(b) = -18*b - 9*b**2 + 10*b - 7 - 3*b**3 + b**3 + b**3. Calculate p(h).
-7
Let i = -5 - -2. Let q be (-22 + (-5 - 0))*(0 - 1). Let s(v) = -5*v + 19*v**2 + 21*v**2 + 0*v - 4 + q*v**2 - 69*v**2. Give s(i).
-7
Let l be 6/2*2/(-6) - -4. Let q(b) = -b**l + 4*b**2 + 1 - 1 - 4 + 5 + 6*b. Determine q(5).
6
Let d(v) be the second derivative of 7*v**3/6 + 35*v**2/2 + 90*v - 46. What is d(-9)?
-28
Let m(s) be the first derivative of 2*s**3/3 - 3*s**2/2 + 14*s + 1239. Calculate m(6).
68
Let r(m) = -m**3 + 6*m**2 + 10*m - 2. Suppose -5*l - 125 = -5*p, -18*l + 23*l + 103 = 4*p. Suppose p*z + 41*z - 441 = 0. Calculate r(z).
19
Suppose -34*k - 19 = y - 30*k, 8*y = 4*k - 8. Let s(h) = -h**2 + 3*h + 10. Determine s(y).
-8
Let b(v) be the second derivative of 1/2*v**2 + 34*v - 2/5*v**5 + 1/12*v**4 - 1/6*v**3 + 0. Let r(i) = -i + 22. Let c be r(21). What is b(c)?
-7
Let x(u) be the third derivative of u**6/120 - u**4/24 + 13*u**3/3 + 2253*u**2. Determine x(0).
26
Let r(t) be the first derivative of -t**2 - 22*t + 5656. Determine r(0).
-22
Let z(t) = 5*t**3 + 5*t**2 - 3*t - 5. Let w(x) = -3*x**3 - 5*x**2 + 3. Let n(i) = 3*w(i) + 2*z(i). What is n(7)?
55
Let a(j) = -69*j + 14*j - 9 - j**3 + 22238*j**2 - 28 - 22255*j**2. What is a(-13)?
2
Let b(y) = 4*y - 2*y + 4*y**2 - 8*y**3 - 10*y**3 + 0*y**3. Let q(w) = -w**2 - w. Let u(r) = b(r) + 3*q(r). What is u(1)?
-18
Suppose -17 = 87*m - 191. Suppose 2*k - 4 = 6*k + 4*v, 0 = -3*k + 2*v + 17. Let a(r) = 1 + r**2 + 5*r**3 + 1 - 3*r - 2*r**k - 3*r**2. Determine a(m).
12
Let f(r) = -r**2 + 2*r - 1. Let l = 88 - 5. Let n = -47 + l. Let a = -33 + n. Determine f(a).
-4
Let v(z) be the second derivative of -z**4/6 - 5*z**3/2 - z**2 + 357*z. Determine v(-7).
5
Let h(m) = m**2 + 3*m - 1. Let w = 45 - 28. Suppose -4*c - 5*y = -w, -5*c - y - y = 0. Let u be h(c). Let p(j) = j**3 + 3*j**2 - j + 4. What is p(u)?
7
Let x(r) = -r - 3. Let s be x(-6). Let p(c) = 8*c - 4*c - 483 + 482. What is p(s)?
11
Let x be (-72)/24 + (0 - 3 - 4). Let j(i) = i**3 + 9*i**2 - 14*i + 1. What is j(x)?
41
Let l(z) = -13*z + 25. Let t be (0 - 55/(-88))/(2/32). Calculate l(t).
-105
Let g(r) = -14*r + 6. Let d(c) = 5*c - 2. Let b(q) = -17*d(q) - 6*g(q). Let v be (-23 - (7 - 4)) + -8. Let t = -34 - v. Determine b(t).
-2
Let u(m) = m - 186 + 186. Let s(d) = d**3 + 7*d**2 - 4*d. Let y(a) = -s(a) + 4*u(a). Let l(b) = b**3 + 4*b**2 - b + 12. Let j be l(-5). Give y(j).
0
Let n(m) be the third derivative of -m**8/20160 + m**7/504 - m**6/180 - m**5/15 - m**3 - 7*m**2 + 2*m. Let y(k) be the third derivative of n(k). Calculate y(8).
12
Let b = -9990 + 9988. Let m(z) = -8*z + 6. Determine m(b).
22
Let n = 1 + 8. Let w(f) = -f - 9 + n + 1. Suppose 5*v + 1 + 4 = -2*p, -v = p + 1. Give w(v).
2
Let q(z) = -5 - 2*z**2 - 194050*z + 0*z**2 + 194057*z + 4*z**3 - 3*z**2 + 2. What is q(2)?
23
Let g(p) = -45 - 40*p**2 + 118*p**2 + 16*p - 79*p**2. Determine g(13).
-6
Let k(f) = -f**2 - 5*f - 1. Let l be ((-6)/21 - 38/14) + (79 - 84). Give k(l).
-25
Let g(p) = 2*p + 26. Let h(c) = c + 13. Let f(q) = -3*g(q) + 5*h(q). Let d(r) = -r**2 + 427*r + 2586. Let j be d(-6). What is f(j)?
-1
Suppose 5*u - 33 = -2*b, -8*b + 4*u = -5*b - 38. Let m(v) = 3*v - b*v + 10*v - 4. Calculate m(6).
-10
Let u = 3626 + -3620. Let i(g) = g**3 - 8*g**2 + 17*g - 15. Give i(u).
15
Let n(l) = 1 + 0*l + 2*l + 0*l. Let t be -13 + ((-1530)/54 - -30 - (-148)/12). Calculate n(t).
3
Suppose 6*f - 15 + 279 = 0. Let g be f/(-10) - (6 + 84/(-15)). Let n(x) = x**2 - 3*x + 5. Give n(g).
9
Let k be (-8)/316 - (-4)/158. Let x(z) = -2*z - 6. Give x(k).
-6
Let k(y) = 1 - 6*y - 3*y + y. Let r = 757 + -748. Suppose -18*d - 27 + r = 0. Give k(d).
9
Let z(k) be the third derivative of -k**6/40 + 2*k**5/15 + k**4/3 - 11*k**3/3 + 3942*k**2. Calculate z(5).
-157
Let i(n) = -n**3 + 4*n**2 + 2*n. Let t be 1/((-4)/(-1026)) + 6/12. Let k = t + -253. What is i(k)?
8
Let k(w) = 5*w**3 + 2*w**2 + w - 3. Suppose 0 = 412*r - 406*r - 6. What is k(r)?
5
Suppose -35 = -m - 5*h, -5*m + 4*h - 3*h + 97 = 0. Let v be (-64)/14 + m/35. Let o(n) = -n - 10. Let y(i) = 2*i + 15. Let f(z) = -7*o(z) - 5*y(z). Give f(v).
7
Let x(c) = -4*c**2 + 2*c + 11. Let z(g) = -7*g**2 + 3*g + 21. Let i(a) = 5*x(a) - 3*z(a). Let n(l) = 94*l - 846. Let p be n(9). Determine i(p).
-8
Let v be ((-1)/2)/((-2)/4). Let n(x) = 0*x - 5 + 4*x + 2*x**2 + v - x**3. Let q be -3*(199 + -196)*(2/(-6) - 0). What is n(q)?
-1
Let a be (-4)/42 + 4/((-1260)/(-4125)). Let j(g) = -g**2 + 11*g + 22. What is j(a)?
-4
Let b(q) = 2*q**2 + 3*q + 54. Let k(x) = -x**2 - 2*x - 28. Let h(w) = -3*b(w) - 5*k(w). Determine h(0).
-22
Suppose -2*w - 10 = -2*j + 4, 7 = j - 5*w. Suppose j*g = 10*g - 15. Suppose -2*r + 3*p - 1 = 0, r + g = -4*p + p. Let l(i) = i**2 + 2*i. What is l(r)?
0
Suppose -7*i - 3 = -10*i - 5*h, -i + 3*h + 1 = 0. Let j(d) be the third derivative of -1/4*d**4 + 0*d + 0*d**3 + 0 - 4*d**2. Determine j(i).
-6
Let c(d) = -d - 10. Let s(p) = p**2 + 10*p + 1. Suppose 0*v = 5*v - g - 37, 4*v - 36 = 4*g. Suppose 2*o + v = -11. Let k be s(o). Give c(k).
-2
Let o(u) be the first derivative of -u**4/4 + 2*u**3 + 3*u**2 + 9*u + 467. What is o(7)?
2
Let i be ((-14)/6)/((-34)/102). Suppose -c = 6*c + i. Let t(b) = -23*b. Give t(c).
23
Let z(b) = b + 16. Let n(x) = -x - 17. Let l(d) = 3*n(d) + 4*z(d). Let h be l(-6). Let f(w) be the first derivative of w**2/2 + 2*w + 47. What is f(h)?
9
Let k(o) = -7*o**2 - 7*o + 139. Let t(d) = -15*d**2 - 14*d + 290. Let r(w) = -13*k(w) + 6*t(w). Determine r(-12).
-7
Let w(s) = -s**3 - 4*s**2 + 6*s - 7. Let t(p) = -p**2 + 22*p + 163. Let u be t(-6). Determine w(u).
-12
Let f(r) be the first derivative of 1/4*r**4 - r - 3 - r**3 + 0*r**2. Suppose 26*z = 21*z - 3*y - 2, -y - 8 = -2*z. Determine f(z).
-5
Suppose 0 = -3*m + 4*h + 27, -7*m + 5*h + 50 = -2*m. Let s(j) = -8*j + m*j - j**2 - 3*j - 15 + 11*j. Calculate s(11).
7
Suppose 10*v - r = 8*v - 1, -3*v = -3*r. Let y(g) = 2*g**3 - 3*g**2 - 4*g - 1. Let s be y(v). Let i(q) = 3*q. What is i(s)?
-6
Let t(j) = 2*j**2 - 27*j + 53. Let m be t(2). Let k(v) = -2287